50.
50
What is the greatest common factor of 368 and 179952?
368
Calculate the highest common factor of 20710 and 1368.
38
What is the greatest common factor of 1096617 and 2139?
69
Calculate the highest common factor of 3806 and 86846.
346
What is the greatest common divisor of 402160 and 4840?
440
Calculate the greatest common divisor of 27778 and 668134.
1462
What is the highest common divisor of 259485 and 240?
15
What is the highest common factor of 567 and 82053?
81
Calculate the greatest common factor of 1192984 and 91.
13
What is the greatest common factor of 241942 and 16714?
274
Calculate the highest common divisor of 19 and 17378255.
19
Calculate the highest common factor of 151606 and 34.
34
Calculate the greatest common divisor of 6327 and 114.
57
What is the highest common factor of 128 and 576?
64
Calculate the greatest common divisor of 1827 and 1008.
63
Calculate the greatest common divisor of 18473 and 1781.
13
What is the greatest common factor of 579019 and 362?
181
Calculate the greatest common divisor of 18844 and 3304.
28
Calculate the greatest common factor of 362882 and 16354.
442
What is the highest common divisor of 20 and 110?
10
What is the greatest common factor of 202041 and 819?
63
Calculate the highest common factor of 960 and 13560.
120
What is the greatest common factor of 39964 and 2328?
388
What is the highest common divisor of 406 and 8961638?
406
What is the greatest common divisor of 707 and 23989?
7
What is the greatest common divisor of 36108 and 444?
12
What is the greatest common factor of 131406 and 7502?
242
Calculate the highest common factor of 14346 and 24.
6
What is the greatest common factor of 7785 and 1384?
173
What is the greatest common divisor of 9524 and 32?
4
Calculate the highest common divisor of 1265 and 3740.
55
Calculate the greatest common divisor of 3996428 and 238.
34
Calculate the highest common factor of 448 and 478592.
64
Calculate the highest common factor of 82624 and 304.
16
What is the highest common factor of 1521 and 1755?
117
What is the highest common factor of 367160 and 685?
685
Calculate the greatest common factor of 4570399 and 17.
17
Calculate the highest common factor of 139256 and 18928.
1352
What is the highest common divisor of 4250 and 442?
34
What is the highest common divisor of 23828 and 3330?
74
What is the highest common divisor of 8296 and 23?
1
Calculate the greatest common factor of 29822 and 2.
2
Calculate the highest common factor of 110480 and 40.
40
What is the greatest common divisor of 504 and 57372?
84
What is the greatest common divisor of 287203 and 623?
623
What is the highest common factor of 806 and 234?
26
Calculate the highest common divisor of 36420 and 30.
30
What is the highest common factor of 42845 and 182875?
1045
Calculate the greatest common divisor of 2556 and 1143.
9
Calculate the greatest common factor of 134808 and 123.
123
What is the greatest common divisor of 188 and 78349?
47
Calculate the highest common factor of 84 and 1233372.
84
What is the greatest common divisor of 108 and 85401?
27
What is the greatest common factor of 17652 and 162?
6
What is the greatest common divisor of 19908 and 31758?
474
Calculate the greatest common divisor of 4 and 170.
2
What is the highest common divisor of 24 and 1122?
6
Calculate the highest common divisor of 2737 and 4998.
119
What is the greatest common divisor of 139170 and 690?
30
What is the highest common factor of 275 and 14080?
55
What is the highest common factor of 116 and 41238?
58
What is the highest common factor of 28 and 4252?
4
What is the greatest common divisor of 2706 and 15708?
66
Calculate the highest common divisor of 584 and 4232.
8
What is the highest common divisor of 156651 and 2121?
303
What is the greatest common factor of 18 and 5079438?
18
What is the highest common divisor of 17618 and 5566?
46
Calculate the greatest common factor of 2996659 and 314.
157
Calculate the highest common divisor of 126945 and 312.
39
Calculate the highest common divisor of 1853680 and 136.
136
Calculate the greatest common divisor of 255 and 1958655.
255
What is the highest common divisor of 2871 and 81?
9
Calculate the highest common divisor of 225544 and 233.
233
What is the greatest common divisor of 42308 and 28?
28
Calculate the highest common factor of 854 and 39718.
14
What is the greatest common divisor of 16911 and 333?
9
Calculate the greatest common divisor of 74 and 125097.
37
What is the highest common divisor of 9685 and 39?
13
What is the highest common divisor of 23000 and 352360?
920
Calculate the greatest common factor of 129340 and 540.
20
What is the greatest common divisor of 7620 and 137922?
762
What is the greatest common divisor of 13604 and 10564?
76
What is the greatest common factor of 8966 and 126?
2
What is the highest common divisor of 19589 and 1273?
19
What is the highest common factor of 4701 and 2372438?
1567
Calculate the highest common divisor of 707 and 23533.
101
Calculate the greatest common divisor of 10 and 751850.
10
Calculate the highest common divisor of 972 and 8040.
12
Calculate the greatest common divisor of 471 and 9237.
3
What is the greatest common divisor of 358188 and 1824?
228
Calculate the greatest common factor of 97904 and 3364.
116
What is the highest common factor of 4290 and 345?
15
Calculate the highest common divisor of 24219 and 25461.
621
Calculate the highest common factor of 58 and 4814.
58
What is the greatest common factor of 791383 and 3873?
1291
What is the highest common factor of 3439 and 262450?
181
Calculate the highest common divisor of 2910330 and 27.
27
Calculate the highest common factor of 1728 and 11064.
24
What is the greatest common divisor of 504884 and 3164?
452
What is the greatest common factor of 2655 and 226265?
295
Calculate the highest common divisor of 442 and 2066571.
221
What is the highest common factor of 6482 and 105?
7
What is the greatest common factor of 4883 and 46003?
257
What is the greatest common factor of 2664168 and 78?
78
What is the highest common factor of 55 and 639320?
55
What is the highest common factor of 793 and 1807?
13
Calculate the highest common factor of 141 and 4353.
3
What is the greatest common factor of 11316 and 907166?
1886
Calculate the greatest common factor of 6 and 1551315.
3
What is the highest common factor of 7462 and 270067?
287
What is the highest common factor of 28067 and 5967?
221
What is the highest common factor of 152 and 91010?
38
Calculate the highest common factor of 2576785 and 5.
5
What is the highest common factor of 138431 and 7225?
289
Calculate the greatest common factor of 143207 and 147241.
2017
What is the highest common divisor of 84 and 36834?
42
Calculate the greatest common divisor of 2927 and 61.
1
Calculate the greatest common factor of 131482 and 1352.
338
What is the greatest common factor of 799 and 339293?
47
What is the highest common factor of 5052 and 492?
12
Calculate the greatest common factor of 692532 and 117.
9
Calculate the greatest common divisor of 243956 and 7668.
284
Calculate the highest common divisor of 1062999 and 658.
329
What is the greatest common divisor of 322800 and 12643?
269
What is the greatest common divisor of 4715 and 30590?
115
Calculate the highest common divisor of 1048 and 47946.
262
Calculate the highest common divisor of 161 and 25369.
23
Calculate the greatest common divisor of 66846 and 78.
78
What is the greatest common factor of 912 and 305216?
304
Calculate the highest common divisor of 101367 and 189.
63
What is the greatest common divisor of 24 and 536552?
8
Calculate the greatest common divisor of 7783 and 43.
43
Calculate the highest common factor of 219347 and 6564.
547
What is the highest common divisor of 88 and 4359256?
88
Calculate the highest common divisor of 4 and 31516.
4
What is the highest common divisor of 1375 and 868615?
55
Calculate the highest common factor of 4794 and 816.
102
Calculate the highest common divisor of 176 and 780131.
11
What is the greatest common divisor of 1743 and 5082?
21
Calculate the greatest common divisor of 8 and 114312.
8
Calculate the greatest common divisor of 208 and 195728.
208
What is the greatest common factor of 24522 an